{"id":27815,"date":"2024-02-09T10:10:56","date_gmt":"2024-02-09T13:10:56","guid":{"rendered":"https:\/\/joyeriasninfa.cl\/product\/reloj-solar-dual\/"},"modified":"2024-04-04T16:43:35","modified_gmt":"2024-04-04T19:43:35","slug":"reloj-solar-dual","status":"publish","type":"product","link":"https:\/\/joyeriasninfa.cl\/old\/product\/reloj-solar-dual\/","title":{"rendered":"Reloj solar dual"},"content":{"rendered":"<p><strong>Reloj dual con movimiento a base de energ\u00eda solar anal\u00f3gico y digital, hora mundial, cron\u00f3grafo con conteo regresivo y normal, 5 alarmas programables. Correa de caucho negra caja acero inoxidable. No necesita cambio de bater\u00edas.<\/strong><\/p>\n","protected":false},"excerpt":{"rendered":"<p><strong>Reloj solar, resistente a presiones de 200 Bar\u00a0<\/strong><\/p>\n<p><img fetchpriority=\"high\" decoding=\"async\" class=\"aligncenter wp-image-28455 size-medium\" src=\"https:\/\/joyeriasninfa.cl\/wp-content\/uploads\/2024\/02\/PIA97.1-300x225.jpg\" alt=\"\" width=\"300\" height=\"225\" \/> <img decoding=\"async\" class=\"aligncenter wp-image-28456 size-medium\" src=\"https:\/\/joyeriasninfa.cl\/wp-content\/uploads\/2024\/02\/Pia97.2-300x225.jpg\" alt=\"\" width=\"300\" height=\"225\" \/> <img decoding=\"async\" class=\"aligncenter wp-image-28457 size-medium\" src=\"https:\/\/joyeriasninfa.cl\/wp-content\/uploads\/2024\/02\/pia97.3-300x225.jpg\" alt=\"\" width=\"300\" height=\"225\" \/><\/p>\n","protected":false},"featured_media":27783,"template":"","meta":[],"product_brand":[65],"product_cat":[290,200],"product_tag":[],"class_list":{"0":"post-27815","1":"product","2":"type-product","3":"status-publish","4":"has-post-thumbnail","6":"product_brand-correas-deportivas","7":"product_cat-reloj-piaoma-solar","8":"product_cat-relojes-hombre-nshock","11":"first","12":"instock","13":"taxable","14":"shipping-taxable","15":"purchasable","16":"product-type-simple"},"jetpack_sharing_enabled":true,"_links":{"self":[{"href":"https:\/\/joyeriasninfa.cl\/old\/wp-json\/wp\/v2\/product\/27815","targetHints":{"allow":["GET"]}}],"collection":[{"href":"https:\/\/joyeriasninfa.cl\/old\/wp-json\/wp\/v2\/product"}],"about":[{"href":"https:\/\/joyeriasninfa.cl\/old\/wp-json\/wp\/v2\/types\/product"}],"wp:featuredmedia":[{"embeddable":true,"href":"https:\/\/joyeriasninfa.cl\/old\/wp-json\/wp\/v2\/media\/27783"}],"wp:attachment":[{"href":"https:\/\/joyeriasninfa.cl\/old\/wp-json\/wp\/v2\/media?parent=27815"}],"wp:term":[{"taxonomy":"product_brand","embeddable":true,"href":"https:\/\/joyeriasninfa.cl\/old\/wp-json\/wp\/v2\/product_brand?post=27815"},{"taxonomy":"product_cat","embeddable":true,"href":"https:\/\/joyeriasninfa.cl\/old\/wp-json\/wp\/v2\/product_cat?post=27815"},{"taxonomy":"product_tag","embeddable":true,"href":"https:\/\/joyeriasninfa.cl\/old\/wp-json\/wp\/v2\/product_tag?post=27815"}],"curies":[{"name":"wp","href":"https:\/\/api.w.org\/{rel}","templated":true}]}}